{"id":101,"date":"2018-10-11T11:33:14","date_gmt":"2018-10-11T09:33:14","guid":{"rendered":"http:\/\/renovmehari.com\/?page_id=101"},"modified":"2022-09-09T11:49:12","modified_gmt":"2022-09-09T09:49:12","slug":"tarifs","status":"publish","type":"page","link":"http:\/\/renovmehari.com\/?page_id=101","title":{"rendered":"Tarifs"},"content":{"rendered":"<p>[et_pb_section fb_built=\u00a0\u00bb1&Prime; next_background_color=\u00a0\u00bb#ffffff\u00a0\u00bb admin_label=\u00a0\u00bbHero\u00a0\u00bb _builder_version=\u00a0\u00bb4.9.4&Prime; use_background_color_gradient=\u00a0\u00bbon\u00a0\u00bb background_color_gradient_start=\u00a0\u00bb#283d4b\u00a0\u00bb background_color_gradient_end=\u00a0\u00bbrgba(128,103,79,0.5)\u00a0\u00bb background_color_gradient_direction=\u00a0\u00bb70deg\u00a0\u00bb background_color_gradient_overlays_image=\u00a0\u00bbon\u00a0\u00bb background_image=\u00a0\u00bbhttp:\/\/renovmehari.com\/wp-content\/uploads\/2021\/04\/Belgique.jpg\u00a0\u00bb custom_margin=\u00a0\u00bb|||\u00a0\u00bb custom_padding=\u00a0\u00bb6vw|||\u00a0\u00bb bottom_divider_style=\u00a0\u00bbmountains2&Prime; bottom_divider_height=\u00a0\u00bb20vw\u00a0\u00bb bottom_divider_repeat=\u00a0\u00bb0.5x\u00a0\u00bb bottom_divider_flip=\u00a0\u00bbhorizontal|vertical\u00a0\u00bb][et_pb_row _builder_version=\u00a0\u00bb3.25&Prime; custom_margin=\u00a0\u00bb|||\u00a0\u00bb custom_padding=\u00a0\u00bb27px|0px|0|0px|false|false\u00a0\u00bb][et_pb_column type=\u00a0\u00bb4_4&Prime; _builder_version=\u00a0\u00bb3.25&Prime; custom_padding=\u00a0\u00bb|||\u00a0\u00bb custom_padding__hover=\u00a0\u00bb|||\u00a0\u00bb][et_pb_text _builder_version=\u00a0\u00bb3.27.4&Prime; text_font=\u00a0\u00bb||||||||\u00a0\u00bb header_font=\u00a0\u00bbJosefin Sans|700|||||||\u00a0\u00bb header_font_size=\u00a0\u00bb90px\u00a0\u00bb header_line_height=\u00a0\u00bb1.4em\u00a0\u00bb header_2_font=\u00a0\u00bbJosefin Sans||||||||\u00a0\u00bb header_2_text_color=\u00a0\u00bbrgba(255,255,255,0.6)\u00a0\u00bb header_2_font_size=\u00a0\u00bb32px\u00a0\u00bb header_2_line_height=\u00a0\u00bb1.4em\u00a0\u00bb background_layout=\u00a0\u00bbdark\u00a0\u00bb animation_style=\u00a0\u00bbslide\u00a0\u00bb animation_direction=\u00a0\u00bbright\u00a0\u00bb animation_intensity_slide=\u00a0\u00bb4%\u00a0\u00bb header_font_size_tablet=\u00a0\u00bb50px\u00a0\u00bb header_font_size_phone=\u00a0\u00bb32px\u00a0\u00bb header_font_size_last_edited=\u00a0\u00bbon|desktop\u00a0\u00bb header_2_font_size_tablet=\u00a0\u00bb\u00a0\u00bb header_2_font_size_phone=\u00a0\u00bb24px\u00a0\u00bb header_2_font_size_last_edited=\u00a0\u00bbon|phone\u00a0\u00bb]<\/p>\n<h1>Services<\/h1>\n<p>[\/et_pb_text][\/et_pb_column][\/et_pb_row][et_pb_row use_custom_gutter=\u00a0\u00bbon\u00a0\u00bb gutter_width=\u00a0\u00bb1&Prime; disabled_on=\u00a0\u00bbon|off|off\u00a0\u00bb module_class=\u00a0\u00bb et_pb_row_fullwidth\u00a0\u00bb _builder_version=\u00a0\u00bb3.25&Prime; width=\u00a0\u00bb100%\u00a0\u00bb width_tablet=\u00a0\u00bb100%\u00a0\u00bb width_phone=\u00a0\u00bb\u00a0\u00bb width_last_edited=\u00a0\u00bbon|desktop\u00a0\u00bb max_width=\u00a0\u00bb100%\u00a0\u00bb max_width_tablet=\u00a0\u00bb100%\u00a0\u00bb max_width_phone=\u00a0\u00bb\u00a0\u00bb max_width_last_edited=\u00a0\u00bbon|desktop\u00a0\u00bb make_fullwidth=\u00a0\u00bbon\u00a0\u00bb locked=\u00a0\u00bboff\u00a0\u00bb][et_pb_column type=\u00a0\u00bb4_4&Prime; _builder_version=\u00a0\u00bb3.25&Prime; custom_padding=\u00a0\u00bb|||\u00a0\u00bb custom_padding__hover=\u00a0\u00bb|||\u00a0\u00bb][et_pb_text _builder_version=\u00a0\u00bb3.27.4&Prime; text_font=\u00a0\u00bbJosefin Sans|700||on|||||\u00a0\u00bb text_text_color=\u00a0\u00bbrgba(255,255,255,0.2)\u00a0\u00bb text_font_size=\u00a0\u00bb15vw\u00a0\u00bb text_line_height=\u00a0\u00bb1em\u00a0\u00bb quote_font=\u00a0\u00bb||||||||\u00a0\u00bb header_font=\u00a0\u00bb||||||||\u00a0\u00bb custom_margin=\u00a0\u00bb||-0.4em|\u00a0\u00bb custom_padding=\u00a0\u00bb|||\u00a0\u00bb filter_blur=\u00a0\u00bb7px\u00a0\u00bb animation_style=\u00a0\u00bbslide\u00a0\u00bb animation_direction=\u00a0\u00bbright\u00a0\u00bb animation_duration=\u00a0\u00bb10000ms\u00a0\u00bb animation_intensity_slide=\u00a0\u00bb10%\u00a0\u00bb animation_starting_opacity=\u00a0\u00bb40%\u00a0\u00bb animation_speed_curve=\u00a0\u00bblinear\u00a0\u00bb text_font_size_tablet=\u00a0\u00bb124px\u00a0\u00bb text_font_size_phone=\u00a0\u00bb90px\u00a0\u00bb text_font_size_last_edited=\u00a0\u00bboff|desktop\u00a0\u00bb][\/et_pb_text][\/et_pb_column][\/et_pb_row][\/et_pb_section][et_pb_section fb_built=\u00a0\u00bb1&Prime; custom_padding_last_edited=\u00a0\u00bboff|desktop\u00a0\u00bb admin_label=\u00a0\u00bbServices\u00a0\u00bb _builder_version=\u00a0\u00bb3.22&Prime; custom_padding=\u00a0\u00bb|||\u00a0\u00bb][et_pb_row column_structure=\u00a0\u00bb1_3,2_3&Prime; _builder_version=\u00a0\u00bb3.25&Prime;][et_pb_column type=\u00a0\u00bb1_3&Prime; _builder_version=\u00a0\u00bb3.25&Prime; custom_padding=\u00a0\u00bb|||\u00a0\u00bb custom_padding__hover=\u00a0\u00bb|||\u00a0\u00bb][et_pb_image src=\u00a0\u00bbhttp:\/\/renovmehari.com\/wp-content\/uploads\/2021\/04\/La-Re\u0301union.jpg\u00a0\u00bb title_text=\u00a0\u00bbLa Re\u0301union\u00a0\u00bb align_tablet=\u00a0\u00bbcenter\u00a0\u00bb align_phone=\u00a0\u00bb\u00a0\u00bb align_last_edited=\u00a0\u00bbon|desktop\u00a0\u00bb _builder_version=\u00a0\u00bb4.9.4&Prime;][\/et_pb_image][\/et_pb_column][et_pb_column type=\u00a0\u00bb2_3&Prime; _builder_version=\u00a0\u00bb3.25&Prime; custom_padding=\u00a0\u00bb|||\u00a0\u00bb custom_padding__hover=\u00a0\u00bb|||\u00a0\u00bb][et_pb_text _builder_version=\u00a0\u00bb3.27.4&Prime;]<\/p>\n<h4><span data-reactid=\"6\"><span class=\"_2wB1z\" data-reactid=\"247\">R\u00e9paration \/ reconditionnement de votre M\u00e9hari sur devis<\/span><\/span><\/h4>\n<p>&nbsp;<\/p>\n<p><span data-reactid=\"6\"><span class=\"_2wB1z\" data-reactid=\"247\">Nous r\u00e9novons votre M\u00e9hari quel que soit son \u00e9tat. <br \/><\/span><\/span><\/p>\n<p>&nbsp;<\/p>\n<h4><span data-reactid=\"6\"><span class=\"_2wB1z\" data-reactid=\"247\">Achat d&rsquo;une M\u00e9hari enti\u00e8rement reconditionn\u00e9e :<\/span><\/span><\/h4>\n<p>\u00a03 possibilit\u00e9s selon votre budget (nous contacter pour un devis) :<\/p>\n<p>&nbsp;<\/p>\n<h5>Mod\u00e8le A<\/h5>\n<p>TOUS LES CH\u00c2SSIS NEUFS PEINTS EN NOIR. Carrosserie, sellerie, b\u00e2ches, roues, freins etc. en pi\u00e8ces neuves, moteur refait, boite r\u00e9vis\u00e9e.<\/p>\n<p>&nbsp;<\/p>\n<h5>Mod\u00e8le B<span data-reactid=\"6\"><span class=\"_2wB1z\" data-reactid=\"247\"><br \/><\/span><\/span><\/h5>\n<p><span data-reactid=\"6\"><span class=\"_2wB1z\" data-reactid=\"247\">Ch\u00e2ssis TUBULAIRE ET PLATE-FORME NEUFS EN GALVA. Carrosserie, sellerie, b\u00e2ches, roues, freins etc. en pi\u00e8ces neuve, moteur refait, boite r\u00e9vis\u00e9e<\/span><\/span><\/p>\n<p>&nbsp;<\/p>\n<h5>Mod\u00e8le C<\/h5>\n<p>Tous les ch\u00e2ssis neufs en galva. Carrosserie, sellerie, b\u00e2ches, roues, freins etc. en pi\u00e8ces neuve. MOTEUR ET BOITE DE VITESSE \u00c9CHANGE STANDARD. Plus 95 % de pi\u00e8ces neuves.<\/p>\n<p>&nbsp;<\/p>\n<p>LIVRAISON SUR TOUTE LA FRANCE ET \u00c9TRANGER<\/p>\n<p>Livraison possible dans les DOM-TOM et \u00e9tranger en vente HT<\/p>\n<p>TVA r\u00e9cup\u00e9rable pour artisan\/commer\u00e7ant\/entreprise<\/p>\n<p>Nos voitures sont r\u00e9nov\u00e9es uniquement sur commande dans la couleur de votre choix. Si vous souhaitez que nous r\u00e9novions votre propre M\u00e9hari, c&rsquo;est \u00e9galement possible quel que soit son \u00e9tat.<\/p>\n<p>[\/et_pb_text][\/et_pb_column][\/et_pb_row][\/et_pb_section]<\/p>\n","protected":false},"excerpt":{"rendered":"<p>ServicesR\u00e9paration \/ reconditionnement de votre M\u00e9hari sur devis &nbsp; Nous r\u00e9novons votre M\u00e9hari quel que soit son \u00e9tat. &nbsp; Achat d&rsquo;une M\u00e9hari enti\u00e8rement reconditionn\u00e9e : \u00a03 possibilit\u00e9s selon votre budget (nous contacter pour un devis) : &nbsp; Mod\u00e8le A TOUS LES CH\u00c2SSIS NEUFS PEINTS EN NOIR. Carrosserie, sellerie, b\u00e2ches, roues, freins etc. en pi\u00e8ces neuves, [&hellip;]<\/p>\n","protected":false},"author":1,"featured_media":0,"parent":0,"menu_order":0,"comment_status":"closed","ping_status":"closed","template":"","meta":{"_et_pb_use_builder":"on","_et_pb_old_content":"","_et_gb_content_width":"","footnotes":""},"class_list":["post-101","page","type-page","status-publish","hentry"],"_links":{"self":[{"href":"http:\/\/renovmehari.com\/index.php?rest_route=\/wp\/v2\/pages\/101","targetHints":{"allow":["GET"]}}],"collection":[{"href":"http:\/\/renovmehari.com\/index.php?rest_route=\/wp\/v2\/pages"}],"about":[{"href":"http:\/\/renovmehari.com\/index.php?rest_route=\/wp\/v2\/types\/page"}],"author":[{"embeddable":true,"href":"http:\/\/renovmehari.com\/index.php?rest_route=\/wp\/v2\/users\/1"}],"replies":[{"embeddable":true,"href":"http:\/\/renovmehari.com\/index.php?rest_route=%2Fwp%2Fv2%2Fcomments&post=101"}],"version-history":[{"count":15,"href":"http:\/\/renovmehari.com\/index.php?rest_route=\/wp\/v2\/pages\/101\/revisions"}],"predecessor-version":[{"id":390,"href":"http:\/\/renovmehari.com\/index.php?rest_route=\/wp\/v2\/pages\/101\/revisions\/390"}],"wp:attachment":[{"href":"http:\/\/renovmehari.com\/index.php?rest_route=%2Fwp%2Fv2%2Fmedia&parent=101"}],"curies":[{"name":"wp","href":"https:\/\/api.w.org\/{rel}","templated":true}]}}